oes 8 divide z?
False
Let v = 908 - 409. Does 18 divide v?
False
Let c(r) = 10*r**3 + 9*r**2 + 4*r - 21. Is c(5) a multiple of 31?
False
Let g(p) = p**3 - 9*p**2 + 7*p + 8. Let a be g(8). Suppose -4*k - 16 - 8 = a. Is 18 a factor of (-3 + 9)/(k/(-54))?
True
Let t = 823 - 735. Is t a multiple of 4?
True
Let t(a) = -a**3 - a**2 + 6*a + 4. Let g be t(-3). Suppose 2*x + 2*b = 64, -x = -g*x + 2*b + 106. Is 8 a factor of x?
False
Suppose 3*m - 2*g - 9 = -3*g, m + 5*g = 17. Is 16 a factor of (-438)/(-2) + 0 + m?
False
Let k(c) = c**3 + c**2 - 7*c. Let l be k(-3). Let a be 21 - (l + -3 + 1). Is 15 a factor of 296/a - 2/(-10)?
True
Let z = 333 + -178. Suppose -4*o - 4*h = -100, -2*o = -7*o + h + z. Is 5 a factor of o?
True
Suppose 8*n - 2*n + 750 = 0. Let z = 175 + n. Is 10 a factor of z?
True
Let t(m) = -7*m - 21. Let j(a) = -a - 19. Let p be j(-11). Does 10 divide t(p)?
False
Let w(z) = -3*z + 6. Suppose -5*g + 4*c - 40 = 0, -2*g = -2*c - 0*c + 14. Does 9 divide w(g)?
False
Suppose -5*n + 21 = u - 5*u, 4*u + 18 = 2*n. Let o(d) = 3*d - 5 + 6 + 1 - d + d**3 + 6*d**2. Does 7 divide o(u)?
False
Suppose 5*h = -2*v + 21, -3*h = v + 2*v - 27. Is ((-1236)/(-48))/(2/v) a multiple of 17?
False
Suppose 0 = 5*q + 15, -3*t + 10 = -2*q - 1796. Is t a multiple of 40?
True
Let j(u) = -u**2 - 2*u + 29. Let m be j(-6). Suppose -3*x = 5*f - 579 - 141, -720 = -m*f + 4*x. Is f a multiple of 48?
True
Suppose -2*l - 1690 = -4*x + 1524, 3*x - 4*l = 2423. Does 9 divide x?
True
Let d(c) = -c**2 - 2*c - 4. Let l be d(-3). Suppose -v = 3*g - 32, 0 = v - 0*v - 5. Let p = g - l. Is p a multiple of 8?
True
Let i be (-854)/(-98) + 4/14. Suppose -5*h - i = -49. Is 8 a factor of h?
True
Let w(o) be the second derivative of -5*o**3/3 + 5*o**2 - 5*o. Let z be w(-5). Let d = z - 24. Is d a multiple of 8?
False
Let k(l) = l**3 - 7*l**2 + 9*l - 4. Let b be k(7). Suppose -b + 10 = -d. Suppose d - 173 = -2*o. Is o a multiple of 17?
False
Suppose -5*f + 932 = 4*y, -5*f + 555 = -2*f + y. Is f even?
True
Suppose 15*s + 21*s = 40068. Is 53 a factor of s?
True
Is 4 a factor of (9/15 + -1)/(2/(-420))?
True
Let t(j) = j**3 - 4*j**2 - 5*j + 8. Let r be t(4). Let v = r - -21. Is 9/(v/(-2)) + 59 a multiple of 16?
False
Let y be 3/(-15) - 792/(-10). Suppose 0 = 4*k + y - 235. Is k a multiple of 13?
True
Let i = -137 + 221. Suppose 4*n - 10*n + i = 0. Is 7 a factor of n?
True
Let v be (-32)/14 - (-3)/((-42)/(-4)). Does 10 divide 5627/34 + 1/v?
False
Let r(w) = -w**2 + 8*w + 4. Let o be r(9). Does 16 divide (-32)/40 - 384/o?
False
Let k be (-4)/(-6) - (1070/3)/(-5). Suppose -77*y = -k*y - 1005. Is y a multiple of 31?
False
Suppose 57*b - 55*b - 512 = 0. Does 11 divide b?
False
Suppose -g + 5*g = -3*y + 480, -2*y = g - 320. Suppose -2*j + y = -3*h, -j + 16 + 50 = 2*h. Suppose -j = -d - d. Does 12 divide d?
False
Suppose -324*l + 329*l = 2565. Is 13 a factor of l?
False
Let u be -9 + -4 + (-2 - -10). Is 9 a factor of -4 + 0 - (-65 - u)?
False
Let w be 142/8 - (-6)/24. Is 12 a factor of (-145)/(-3) - 6/w?
True
Suppose 3*j - 38 = 4*x, 0 = -x - 3*x - 2*j - 48. Let g = -3 + x. Is 15 a factor of (2 + 5)*(-60)/g?
True
Let r be (-134)/(-11) - 8/44. Let u = r - 18. Is 1*u*22/(-3) a multiple of 11?
True
Suppose -3*i - 4*a + 8 = -2, -3*i - 26 = -5*a. Does 13 divide 165 - 2*i*(-2)/(-4)?
False
Suppose -2688 - 20062 = -10*z. Is 14 a factor of z?
False
Let i = -977 - -1697. Is i a multiple of 30?
True
Suppose 3612 = -46*i + 74*i. Does 120 divide i?
False
Let l(a) be the first derivative of -8 + 22*a**2 - 4*a - 5*a - 24*a**2. Does 20 divide l(-13)?
False
Suppose -868 = -3*m + 395. Is 21 a factor of m?
False
Let u = 409 + -220. Does 9 divide u?
True
Let h(m) = 5*m**2 + 15*m + 1. Let x(d) = -d**2 + 5*d + 16. Let j be x(-3). Is 33 a factor of h(j)?
False
Suppose 373 = -3*r + 6*r - 5*g, 2*r = -5*g + 257. Is r a multiple of 14?
True
Let m(d) = 5*d**2 + 3*d - 10. Let o be m(-6). Suppose c + 19 = 5*b, -b + 1 - 14 = 4*c. Suppose 2*w = -3*w + b*h + 252, h + o = 3*w. Is 17 a factor of w?
True
Let b = -44 - -35. Is (b/(-4))/(4/48) a multiple of 4?
False
Suppose -2*u + 82 = q + 2*u, 3*u - 12 = 0. Is 4 a factor of q?
False
Let w = 1843 - 7. Is w a multiple of 15?
False
Suppose t - 3*f + 23 = 0, -2*t - 19 = -t + f. Does 8 divide (48/t)/((-1 - 0)/5)?
False
Suppose 2*j - 42*j + 33360 = 0. Is j a multiple of 6?
True
Let q(a) = a + 2. Let x be q(-2). Suppose -5*h + 21 + 4 = x. Suppose 30 = -3*n + h*n. Is n a multiple of 8?
False
Suppose -14*a - 7995 = -55987. Is 7 a factor of a?
False
Let n be (-38)/(6/(-3) - -4). Suppose 0*j = -2*j + y - 103, -j - 64 = -3*y. Let m = n - j. Is 15 a factor of m?
True
Let b = 74 - 72. Suppose -6*h - 20 = -b*h, 0 = -y + 2*h + 76. Does 6 divide y?
True
Suppose 6*c - 2*c = 16. Suppose -5*a - 3114 = -c*x, a + 3903 = 2*x + 3*x. Suppose 5*o + 271 = x. Is o a multiple of 34?
True
Is (0 - 1)/((-10)/670) a multiple of 2?
False
Let i(n) = n**3 - 9*n**2 - 11*n + 13. Let u be i(10). Suppose m = u*l - 28 + 1, -2*m - 36 = -4*l. Is l a multiple of 2?
False
Let x = -13 - -19. Suppose -w = -x*w + 180. Suppose w + 75 = 3*f. Is f a multiple of 24?
False
Suppose 3*r - 61 = -x + 2*r, 0 = -r - 1. Let g = x - -28. Let m = g + -39. Is m a multiple of 17?
True
Let u(d) = -d**2 + 33*d - 175. Is u(19) a multiple of 2?
False
Let h(q) = -34*q + 17. Let g be h(-17). Is ((-78)/4)/(6 - g/98) a multiple of 22?
False
Suppose -2*s + 255 - 3 = 5*f, 2*s = 3*f + 252. Is 18 a factor of s?
True
Suppose -116*c = -119*c + 6. Suppose 0 = c*x - 14. Is x even?
False
Suppose -6*s - 209 = -17*s. Does 2 divide s?
False
Let l(v) = v**3 - 2*v**2 + 4*v - 6. Let b be l(2). Suppose -b*o = k - 129 - 59, 0 = 2*k + 8. Is 24 a factor of o?
True
Suppose -5*t = -h - 4380, -21*t - 2628 = -24*t + 3*h. Is t a multiple of 12?
True
Let n = 281 + -285. Let q(g) = 2*g + 3*g**2 - g**3 - 5*g**2 - 5*g. Is 11 a factor of q(n)?
True
Let r(w) = -w + 20. Let o(h) = -h - 3*h + 6*h + 19 - 3*h. Let d(a) = -4*o(a) + 5*r(a). Is 3 a factor of d(15)?
True
Let a = 1126 + -544. Suppose a + 43 = 5*z. Is z a multiple of 25?
True
Suppose 3*m + y - 2 = 0, -26 = -3*m + 2*y + 3*y. Let p be (m/4)/(2/36). Let d = -6 + p. Is d a multiple of 3?
True
Let g = -67 - -204. Is g a multiple of 9?
False
Let r = 224 - -136. Is 18 a factor of r?
True
Let m = 94 - 60. Is m a multiple of 2?
True
Suppose -13*m + 4153 = -553. Is m a multiple of 25?
False
Let o = 83 - 13. Suppose 2*f + 32 = 116. Let m = o - f. Does 14 divide m?
True
Suppose 0 = 4*j - 5*k - 5391, 3*j - 5032 = 5*k - 985. Is 64 a factor of j?
True
Let f(x) = 7*x**3 - 9*x**2 + 7*x + 2. Does 6 divide f(2)?
True
Suppose -736 = -t + 4*y, t - 3*y - 985 = -244. Is t a multiple of 18?
True
Does 12 divide (2 + -1907)/(-5) + 3?
True
Suppose -6 - 6 = -4*g. Let n(b) = -5*b**2 - 14*b + b**3 - 2*b**g + 2*b**3 - 10*b**2 - 6. Is n(16) a multiple of 13?
True
Suppose 0 = o + 3*o - 12. Suppose -o*q + 20 = -1. Is 7 a factor of q?
True
Suppose 7*c + 3*s + 802 = 2*c, 5*s + 494 = -3*c. Let w be 3 + -2 - (238 + (-3)/3). Let h = c - w. Is 26 a factor of h?
True
Suppose 16*n = 10069 + 2891. Is n a multiple of 13?
False
Let f = 691 + -531. Is f a multiple of 5?
True
Suppose 196 = -0*c + 2*c. Suppose -86 - c = -4*o - 2*i, 5*i = -20. Is o a multiple of 14?
False
Suppose 3*o - d = 9, 4*d = 2*o + d - 13. Suppose o*f - 14 - 10 = -4*k, -k = -4. Suppose f*q + 0*q - 189 = -3*i, -3*i - 36 = -q. Is q a multiple of 15?
True
Let c(y) = -10*y + 37. Let p(g) = 21*g - 75. Let q(f) = -14*c(f) - 6*p(f). Is 39 a factor of q(8)?
False
Does 3 divide (-60)/15 + 335 + -2 + -2?
True
Suppose -6*o + 5*o - 39 = 0. Let l = -49 - -116. Let c = o + l. Is c a multiple of 14?
True
Suppose -2 + 1 = -o. Suppose 2*f - o - 7 = 0. Suppose -c + 48 = 4*z - 2*c, -c = f. Is 11 a factor of z?
True
Let s(m) = -19*m**2 - 21. Let l(b) = -b**2 + b - 1. Let d(v) = 6*l(v) - s(v). Is 6 a factor of d(-3)?
True
Let l be 0*5/(-15) + 3. Suppose 308 - 20 = l*c. Is 16 a factor of c?
True
Is 19 a factor of 1 - 6 - -6 - -455?
True
Let o = -518 + 746. Is o a multiple of 19?
True
Let x be -17 + 11 - 1*-3. Does 7 divide (-40)/25*5*x?
False
Let f(o) = -o**2 - 3*o + 10. Let q be f(-7). Let u = -15 - q. Suppose 5*n = -u*r + 30, -5*r + 2*r - 3*n + 24 = 0. Does 2 divide r?
False
Let b(x) = 71*x**2 + 4*x + 3. Let n be (2 - 5/3) + 